rst derivative of -w**2/2 + w - 31. Let s(n) = 126*n + 19. Let l(t) = -s(t) - 3*z(t). Is l(-7) prime?
True
Suppose -5*z + 4*l + 109265 = 0, -15*l - 21834 = -z - 18*l. Is z prime?
False
Let o(z) = -z**3 - 18*z**2 - z - 22. Let i(f) = 2*f**2 + 22*f + 18. Let d be i(-9). Let l be o(d). Is l + 0/1 - -2221 a prime number?
False
Suppose -27*o + 32*o = 0. Suppose 0 = 5*p + 10, 5*p + o*p + 2 = -2*v. Suppose 0*s + 5838 = 3*w + 3*s, 0 = v*w - 4*s - 7808. Is w a composite number?
False
Suppose -u = -a + 1, -a - 2*u = -5*a - 6. Let h(r) = 30*r**2 - 35*r - 1. Is h(a) prime?
True
Let d = 13108 + 91825. Is d composite?
False
Let f(h) = h**2 - 3*h + 17. Let v be f(0). Let l = v + -12. Is (10/2)/(l/1655) prime?
False
Suppose 55*y - 5759154 = y. Is y a prime number?
False
Let x(f) = -2*f**2 - 55*f + 30. Let h be x(-28). Suppose -h*g = -g - 18457. Is g a composite number?
False
Let m = 411 - 271. Let o = m + -136. Suppose -2*j + 259 = -3*r, -j - o*r + 659 = 4*j. Is j a composite number?
False
Let b = -165 - -244. Suppose 0 = -86*f + b*f + 54159. Is f a composite number?
True
Suppose -4*q + g = -35424, 82*q - 84*q - 2*g + 17722 = 0. Is q a composite number?
True
Let u(q) = -470*q - 78. Let a be u(-20). Suppose -4*o = 4*p - 55736, 4*o + 2*p = 46408 + a. Is o a prime number?
True
Let c = 13 + -12. Suppose 0 = -4*j - 20, 5*j - 2 + c = -t. Let s = -11 + t. Is s a composite number?
True
Suppose -3*f - m + 731447 = 127966, 7*f = 4*m + 1408173. Is f composite?
False
Let z(m) = -968*m + 16. Let v be z(-4). Let h = v - 5643. Is h/(-33) + 18/(-99) prime?
True
Let o be -60 + 377 + (0 - -2). Suppose -o*c = -327*c + 19336. Is c composite?
False
Suppose -j = 4*h - 14, 15*h - 11 = -j + 12*h. Suppose j*b - 1016 = 7700. Is b prime?
False
Let l(j) = -j**2 + j + 1. Let m(c) = -4*c**2 + 21*c - 3. Let b(d) = 5*l(d) - m(d). Let i be b(-14). Let y = i - 21. Is y composite?
True
Let a(k) = -15*k**3 - 92*k**2 + 42*k - 63. Is a(-26) a composite number?
False
Suppose 2779480 = 40*q + 16*q - 16*q. Is q composite?
True
Let d(t) = -13*t**3 - 29*t**2 + 11*t + 55. Let a(b) = 6*b**3 + 14*b**2 - 5*b - 28. Let w(h) = 7*a(h) + 3*d(h). Let m be 6 - (3/1 - 4). Is w(m) prime?
True
Let h(s) = -27455*s - 2897. Is h(-24) composite?
False
Let u be 0/(1 + (-5 - -3)). Suppose 32*b - 34*b - 4 = u. Is 296/b*((-21)/28 - 7) composite?
True
Let g(q) = -1610*q + 71. Let a(x) = -x**2 + 20*x - 90. Let i be a(6). Is g(i) a composite number?
True
Let m = 281990 - 192829. Is m a prime number?
False
Let w(o) = -o**3 - 16*o**2 - 32*o + 20. Suppose -4*k + 3*k + 4*b = 29, -3*k - 57 = -2*b. Is w(k) a composite number?
False
Is (((-40314)/10)/3)/((-13)/65) prime?
True
Let x(d) = -d**3 + d. Let y be x(1). Suppose -3*a + 3 = -3. Suppose a*g - 240 - 1766 = y. Is g composite?
True
Is ((-85081)/(-7))/(30/210) a composite number?
False
Let x(l) be the first derivative of -4*l + 3*l**2 + 19*l**3 - 8*l**3 - 20 - 8*l**3. Is x(5) a composite number?
False
Let o(i) = -56*i**2 - 5*i - 13. Let n(u) = 28*u**2 + 3*u + 6. Let z(x) = -5*n(x) - 3*o(x). Suppose 6*t + 38 = 8. Is z(t) a composite number?
False
Let z(d) = 2242*d**2 - 96*d - 96. Let j be z(-1). Let n = -123 + -146. Let p = n + j. Is p a prime number?
True
Suppose m = -3*m. Suppose -8*c + 4*c + 13380 = m. Suppose 2*h + c = 7*h. Is h prime?
False
Suppose 7*r + 2 = 5*r - 5*a, 0 = -4*r - 2*a + 12. Suppose 3*x + 281 = 5*o, 0 = 3*o - 0*x - r*x - 162. Is o prime?
False
Let z = 2011495 - 726758. Is z composite?
False
Suppose 16 = 13*m - 10. Suppose -m*w + 8 = 4. Let q(a) = 34*a**3 - a**2 - 5. Is q(w) prime?
True
Let m(f) = -17916*f + 89. Let v be m(-15). Suppose -6*b + v = 5*b. Is b a prime number?
True
Let u(q) = q**2 - q + 2. Let p be u(2). Let v be (-1 - -26 - 25) + 0/(2 - -1). Suppose 2*f - 2*h - 8096 = v, -f - 4*f - p*h = -20249. Is f prime?
True
Let w(x) = -280*x + 49. Let d(g) = -558*g + 100. Let p(z) = 3*d(z) - 7*w(z). Is p(12) a prime number?
True
Let y(x) = 8*x**2 - 25*x - 62. Let s(c) = -3*c**2 + 8*c + 21. Let m(d) = -11*s(d) - 4*y(d). Let h be (12 - -1) + (-3)/3. Is m(h) composite?
True
Let b(i) = -4*i**3 + 5*i**2 + 31*i - 1. Let q(a) = -6*a - 13. Let n be q(-1). Is b(n) composite?
False
Let v be 4*5/10 + 8385/1. Let n = v - -96. Suppose n = 6*j - 3475. Is j a composite number?
False
Let u(y) = -3*y + 31. Let i be u(12). Let v(b) = -b**3 - 3*b**2 + 7*b + 2. Let h be v(i). Is (-1 + h/2)/((-5)/(-10)) a composite number?
True
Let i be 28 - (-2 + 1)/(13/(-39)). Let n = i - 27. Is (1/n)/(-1) + 6834/4 a composite number?
False
Let v(d) = -1. Let m(y) = 76*y**2 + 9*y + 6. Let j(g) = m(g) - 3*v(g). Is j(-2) prime?
False
Let m(o) = 131*o - 24. Let l(q) = 14*q - 33. Let r be l(6). Let n = r - 44. Is m(n) a composite number?
True
Let t = 264 - 270. Is (45 + -66)*1774/t composite?
True
Suppose 116 = -3*s + 5*s. Suppose -803 = -u - s. Is u a composite number?
True
Suppose -5*h = -o - 12*h + 244959, -734927 = -3*o + 4*h. Is o a composite number?
True
Suppose -x - 176 + 137 = 0. Is 76 - x - (1 + -5) a prime number?
False
Let a(b) = 1903*b + 889. Is a(24) prime?
False
Suppose 12*x - 110505 = 9*x. Let c = x + -26256. Is c a composite number?
True
Suppose 267*n = -182*n + 172*n + 17572603. Is n composite?
False
Let c(z) = 25*z**2 - 656*z + 13. Is c(84) a composite number?
False
Suppose 13*b - 45 = 8*b. Suppose w - b*w + 4168 = 0. Is w a prime number?
True
Suppose -2*i - 8*i = -90. Suppose i*r - 20410 = 14213. Is r a composite number?
False
Let s(u) = 12 - 87*u**2 - 4*u - 4 + 89*u**2 + 5*u**3. Let x be s(6). Suppose 0*n - o = 2*n - 582, -x = -4*n + 5*o. Is n a composite number?
True
Is 322008/(-1 - -13) + (-1)/2*6 a prime number?
False
Let r = 495674 + -153027. Is r prime?
True
Let a = 11 - 11. Let f = a - -4. Is (-12)/f - 1/((-3)/1566) a prime number?
False
Let d(z) = 9228*z - 338. Is d(5) prime?
False
Let s(z) = z**3 + 43*z**2 + 49*z + 34. Is s(-23) a composite number?
True
Suppose -25857*w + 195439 = -25856*w. Is w composite?
True
Suppose 24*p - 25*p = -2*n + 21811, 5*n - 5*p - 54540 = 0. Is n composite?
False
Let f(l) be the third derivative of 13*l**5/12 - l**4/8 + 53*l**3/6 - 139*l**2. Is f(-6) prime?
True
Let h(a) be the third derivative of a**6/15 - a**5/20 + 61*a**4/24 + 13*a**3/6 - 155*a**2. Is h(17) prime?
False
Suppose 2*n + 47 = 43. Is n/(-6) + 30052/33 a composite number?
False
Suppose -7625348 - 5836110 = -37*m - 4675623. Is m prime?
False
Suppose -5*b = -i + 5*i - 3564, 3524 = 4*i - 5*b. Let a be (1 - (-456)/(-9))/((-9)/(-81)). Let x = a + i. Is x a composite number?
False
Let r(p) = -2*p - 5. Let a be (-3)/(-27)*-38 - (-2)/9. Let m be r(a). Is 4/7 + (9360/35 - m) a prime number?
False
Suppose -s = 4*d - 3*s, 0 = -4*d - 5*s + 28. Suppose -4*y + 8551 = -5*k - 7286, d*y + 4*k - 7886 = 0. Is y prime?
False
Suppose -2*n = 3*n - 25. Let c(r) = 10*r**2 + 3*r + 1. Let z be c(n). Let i = -143 + z. Is i prime?
False
Suppose 6*n - 480 = -6*n. Is 8356/n - (-3)/30 composite?
True
Let m = 4186 - -3868. Let z(n) = n**2 + 2*n - 35. Let j be z(-7). Suppose j = -9*l + 649 + m. Is l composite?
False
Suppose 522 + 21 = 3*f. Suppose 2*b - 631 = -o, -f = 4*o - 5*b - 2718. Let j = o + -340. Is j a prime number?
True
Let i = 76167 + -34954. Is i a composite number?
False
Suppose 3*d - 569 = 886. Suppose h - 56 - d = 0. Is h prime?
True
Suppose -21*t + 749463 = -543780. Is t prime?
True
Let t(o) = 6*o**2 + 3*o - 8. Suppose -2*j - 192 = -6*j. Let d = j - 41. Is t(d) a composite number?
False
Suppose -3*h - d + 31173 = 0, 5*d - d = -h + 10391. Is h composite?
False
Let m = -43428 - -62651. Is m composite?
True
Suppose 17*w - 832681 = -275166. Suppose -14*p + w = -9*p. Is p composite?
True
Suppose 4*y = 2*s + 1772874, -5*s - 443232 = 1166*y - 1167*y. Is y prime?
False
Is (-4)/16 - (-14402220)/112 prime?
True
Let h(r) = -r - 1. Let s(n) = -2. Let z(k) = 3*h(k) - s(k). Let c be z(-4). Suppose 9*l = c*l - 92. Is l a prime number?
False
Suppose 0 = -5*k - 2*s, 0 = 5*k + s - 2*s - 15. Let c be (80/(-32))/((3/(-2))/3). Suppose -r - 2*z + 0*z = -955, -c*z - 1901 = -k*r. Is r composite?
False
Let b = 37 - 129. Let d = 581 + b. Is d prime?
False
Let i be 2/(-8)*-2*0/(-2). Suppose 6*r - 24025 - 22277 = i. Is r composite?
False
Let c(g) be the second derivative of 3*g**5/2 - 13*g**3/3 + 23*g**2/2 - 23*g + 3. Is